j = -4*p - 61. Let q(r) = -r**3 + 14*r**2 + 35*r + 1. Is q(p) composite?
True
Suppose 242*v - 58143178 - 51339316 = 0. Is v prime?
False
Let p be 0 - 4104/3 - (-84)/(-14). Let g = 1537 - p. Is g composite?
True
Suppose -2*m + 143604 = 3*i - 89343, 0 = 5*i + 2*m - 388241. Suppose -4*q = -5*l - 0*q + i, 4*l + 3*q = 62099. Is l prime?
True
Is (-7 + 374/68)*184502/(-3) composite?
False
Suppose b + 1 - 6 = 0. Suppose -4*i - 4*c + 3668 = 0, 2*i + c - b*c = 1810. Suppose 5*s - 2*a = 1313 + 922, 2*s - i = -3*a. Is s prime?
True
Let w = 363 - 340. Suppose w*z = 21*z + 50390. Is z a prime number?
False
Suppose 4*y = 333 + 35. Let r = y - 67. Suppose -1059 + r = -2*z. Is z composite?
True
Suppose -152 = -3*z + u, -3*z + 5*u + 240 = 2*z. Suppose -3*r - 3*w - z = -2764, 0 = 3*r + 4*w - 2717. Is r a composite number?
True
Let y(t) be the second derivative of -t**5/10 - t**4/2 + 4*t**3/3 + 23*t**2/2 + 23*t. Is y(-6) a prime number?
True
Let a be 9 - (6 + 3/(-3)). Let h(n) = 43*n**2 - 7*n + 25. Is h(a) composite?
True
Suppose 11225*g - 11246*g = -5989263. Is g composite?
True
Suppose -11*i - 1908919 = -52*i. Is i prime?
True
Let m be 5 - -2 - ((-9)/(-3) - 2). Let g be (m - 3) + 0 + 685. Is 2 + g + 0 - (7 + -8) prime?
True
Suppose -40701 = 195*q - 198*q. Is q a composite number?
False
Let h(s) = -15*s**3 - 3*s**2 - 4*s - 2. Let l be h(-1). Suppose l*v - 3*v - 66 = 0. Suppose t + 3*g - 6799 = 0, 27228 = 4*t + 2*g - v*g. Is t prime?
False
Let r(a) = -16*a**3 - 10*a**2 - 98*a - 43. Is r(-22) a prime number?
True
Let s = -975 + 2198. Suppose 63813 = 10*t + s. Is t a prime number?
False
Let n(j) = 410*j**3 + 3*j**2 - 2*j - 1. Suppose 0*c - 10 = -5*c. Is n(c) a prime number?
False
Is -1*4 - -62*(10725/10 - 11) a composite number?
False
Let p = -221 - -219. Let o(b) = -326*b**3 - b**2 - 3*b - 5. Is o(p) a prime number?
False
Let r = 65 + -57. Let q be 2/3*(1 + r). Suppose -b + k + 191 = 0, -q = -0*k - 2*k. Is b composite?
True
Let y = -1874772 - -3179851. Is y a composite number?
True
Let r = -105 - -84. Let o = r + 31. Is o/(-5) + (369 - 2) a prime number?
False
Let n = 435 - 419. Suppose -n*o - 4733 + 15789 = 0. Is o a composite number?
False
Let l be 6/(-2) + 15 + -8 - -2438. Let w = 4229 + l. Is w prime?
False
Let a(p) = p**2 - 24*p - 209. Suppose -303*x - 40 = -301*x. Is a(x) prime?
False
Let f = -111 + 116. Suppose -10 + 25 = f*a. Is a - ((-3190)/5 - 0) prime?
True
Let z = 232499 - 121480. Is z composite?
True
Let s(o) = 19*o**2 + 14*o + 14. Let q(i) = i**3 - 27*i**2 - i + 14. Let r be q(27). Is s(r) a composite number?
True
Let j = 85 - 80. Suppose -2*n = -5*m + 9785, 666 = -j*m - 2*n + 10471. Is m composite?
True
Is 56/12*(-32240 - -67)*6/(-4) composite?
True
Let d be (-2 - 1) + 1 - 21. Let t = -156 - -276. Let f = t + d. Is f a composite number?
False
Let t(f) = 11*f**2 + 19*f + 97. Is t(90) prime?
True
Let c = 32 + 37. Suppose 3*d - c = 3*p, 0 = -2*p + 6*p + 4*d + 124. Is 2/(-9) - (11928/p)/8 a prime number?
False
Suppose 5*r = b + 402754, 0 = 4*r - 3*b - 145131 - 177070. Is r a composite number?
True
Let g(q) = -20 + 28*q - 4*q**3 - 54*q**2 + 5*q**3 + 33*q**2. Let d be g(18). Let b = d - -701. Is b a prime number?
False
Let g(l) = -728*l**2 - 28*l - 129. Let n be g(-9). Is -2 - -4 - 8/(40/n) a prime number?
False
Let k = -477376 + 1386159. Is k a composite number?
True
Let a(u) = u**3 + 2*u**2 - 8*u + 5. Let t be a(-4). Suppose -4*m + 1440 = 5*l, -t*m + 2171 = -4*l + 412. Is 12/4 + m + (-1 - -1) prime?
False
Let v(j) = 4*j**3 - 10*j**2 + 34*j + 15. Let p be v(6). Suppose -4*a - 3*x = -5329, 5*a + 3*x = 5939 + p. Is a composite?
True
Let r(u) = 7*u + 29. Let d be r(7). Suppose -d*j - 5502 = -75*j. Let n = 2587 + j. Is n composite?
True
Let g be (-4)/10 - (17/(-5) + 6). Let l(s) = s**2 - 15*s + 14. Let k be l(9). Is k/(-5) + g + 152 a composite number?
False
Suppose 4*p - k - 37 = 2*p, 21 = p - k. Let x = p + -24. Is x*2/(-4) - -625 composite?
True
Let j = 36787 - -260530. Is j composite?
False
Suppose 0 = -m - 3*m + 4748. Let f = 1920 + m. Is f composite?
True
Suppose -5*r + 79985 = -71217 + 33567. Is r composite?
True
Suppose 11*m + 66 = -44. Is 25068/8 - (m/2)/10 composite?
True
Suppose n - 1 = i + 3, 3*i = -2*n + 23. Let o(p) = -22*p**3 + 3*p**2 - p + 1. Let c be o(-2). Suppose r = -2*j + c, n*r - 3*r + 91 = j. Is j a prime number?
False
Let h be 6*98 + 2 + (-18)/3. Suppose -4*d - 1 = -3*d, 5*k + d - h = 0. Let i = -64 + k. Is i a prime number?
True
Let m(d) = 74*d - 21. Let v be 812/252 - (-2)/(-9). Suppose 3*y = -r + 10, r - 2*y + v*y = 8. Is m(r) prime?
False
Let g = 8083 + -4256. Suppose -17*t = 19402 - 4708 + 23216. Let a = t + g. Is a a composite number?
False
Is ((-4)/(-8))/((-2)/(-66812)) a composite number?
False
Let m be ((-2)/3 - 4/(-6))/(-2). Suppose 0*f = -3*k - f + 1, m = 5*f + 25. Is (2 - -5246 - k)*(-2)/(-4) a prime number?
False
Suppose 1695338 = 16*b - 11*b - 3*a, -5*b = a - 1695334. Is b a composite number?
False
Let s = 284015 - 189820. Is s prime?
False
Suppose 19*u - 21*u - 2 = g, -u - 1 = -3*g. Suppose 3*d = 4*r + 4042, 4*d - 2*r - 413 - 4973 = g. Is d prime?
False
Let k(y) = -107*y**3 + 15*y**2 + 29*y + 205. Is k(-12) composite?
True
Let b(m) = 11*m**3 + 7*m + 1. Suppose -s + 6*s - 20 = 0. Suppose 1 = -h + s. Is b(h) a prime number?
False
Suppose -235 = -116*k + 115*k. Suppose 0 = -228*g + k*g - 13895. Is g prime?
False
Suppose 55 = 3*y + 43, 4*m = -2*y + 60372. Is m composite?
False
Let f(q) = 28*q**2 - 10*q + 41. Suppose -5*z + 3*s = 64 + 1, -s - 45 = 5*z. Is f(z) composite?
True
Suppose -68*x = -135*x + 64*x + 451563. Is x composite?
True
Let l(x) = 2*x**3 - x + 14029. Suppose 0*k + 3*m = -2*k + 6, 5*k - m = -2. Is l(k) a composite number?
False
Suppose 61625801 = 71*f + 15232200. Is f a prime number?
True
Suppose 2*q = -4*w + 1458, -3*q + 1815 = 5*w - 2*q. Suppose -2*j - 4*f - 27 = 11, -4*j - 3*f = 66. Let s = w + j. Is s a composite number?
False
Suppose -5*q = -0*b + 3*b - 9, -5*q + 12 = 4*b. Let p be 4 - ((q - 1858) + 2). Let t = p - 167. Is t a composite number?
False
Suppose -336 = 4*c - 19*t + 17*t, 0 = -4*c - t - 342. Suppose 4*l = 2*w + l - 333, -2*w - 3*l = -315. Let y = c + w. Is y a prime number?
False
Let g = -14479 - -17010. Is g composite?
False
Suppose 0*p + 3*p - 3*l - 77493 = 0, 0 = p + 3*l - 25847. Suppose 9*q - 4*q - p = 0. Is q a prime number?
True
Suppose 22*g - 2*z = 23*g - 1966, 0 = -4*g + 4*z + 7924. Let t = g - 714. Is t composite?
True
Suppose 38*a = 40*a + 2*c - 169350, -4*a = -2*c - 338676. Is a composite?
True
Let c = 27 - -13. Let q(f) = -49*f**2 + 50*f**2 - 11 + 11 + 17 - 14*f + c*f**3. Is q(4) composite?
True
Let f = -99 + 181. Let g = f - 46. Is 2454*(g/(-8))/(-9) prime?
False
Suppose -72*c - 257*c + 281950852 = -93*c. Is c prime?
True
Let t(n) = 4259*n - 8102. Is t(41) a prime number?
False
Let u(x) = 3614050*x**3 - 2*x**2 + 64*x - 61. Is u(1) composite?
True
Let a(m) = -4369*m**3 + m**2 - 1. Let z(p) = -2*p**2 + 11*p - 6. Let v be z(5). Is a(v) composite?
True
Let z = -74 + 108. Is (z/136)/((-2)/(-25528)) a prime number?
True
Suppose 247779 = 5*i - 1901*o + 1897*o, 0 = 3*i - 5*o - 148657. Is i a prime number?
True
Suppose z + 1479 = -1971. Is 2 + 1*-6 + (-13 - z) prime?
True
Let y(n) = 65*n. Let s be y(4). Suppose 2*c = -s - 536. Let q = 779 + c. Is q composite?
True
Suppose -4*n - 376056 = -40*n. Suppose 2866 = -20*d + n. Is d prime?
True
Suppose -14*x + 1530507 = -5300737. Is x composite?
True
Suppose -319761 = 2287*b - 2292*b + g, 4*b - 5*g = 255792. Is b composite?
True
Suppose 3*p + 21 = 3*m + 6*p, 0 = 5*m - 2*p. Suppose -2*z + 3701 = -m*k + 669, -z + 1506 = k. Is z composite?
False
Suppose 0 = -l - 0*l + 3*m + 474, -1404 = -3*l + 3*m. Suppose -l = -4*o - 5*j + 1291, -3*j + 432 = o. Is (o - (-1 + 0)) + -10 + 10 a composite number?
True
Is 18043*-170*(-3)/30 a prime number?
False
Let d(a) = 23*a + 10. Let f(z) = -4. Let w(i) = -5. Let k(s) = -4*f(s) + 3*w(s). Let g(q) = -d(q) + 3*k(q). Is g(-10) a prime number?
True
Let r(o) = -31*o + 1. Let a(j) = 30*j - 3. Let m(u) = 5*a(u) + 4*r(u). Is m(24) a composite number?
False
Let b(x) = -807*x + 65. Suppose 2*g + 4*l - 4 = 0, 0*l + 2*l = 10. Is b(g) composite?
False
Suppose 8*p - 8935955 = -63*p + 36*p. Is p composite?
False
Let c(w) = 6*w